 36*v + 5*r = 0. Suppose -w = c - 25417, 2*w - w - v*c = 25417. Is w a composite number?
True
Let j(v) = -v**3 - 23*v**2 - 26*v + 43. Let f be j(-26). Suppose 2*q = 4*z + 4267 + f, -5*q - 4*z = -17521. Is q composite?
True
Let k(y) = 10*y + 34. Let t be k(10). Let w = t - -188. Suppose 72 = m - w. Is m a composite number?
True
Let c(m) = 1005*m**2 - 15*m + 13. Let p(w) = -4*w**3 + 40*w**2 - 4*w + 44. Let u be p(10). Is c(u) a prime number?
True
Let l = 3719 + -2035. Suppose 4*o - s = 2*o + 1121, -3*o + l = -2*s. Let w = 1229 - o. Is w a prime number?
False
Let f be 112324/2*(10 - (-72)/(-16)). Is 2/4 - 7/((-154)/f) a prime number?
False
Suppose 18*g = 16*g + 4*r + 59850, 3*g - 5*r = 89773. Suppose -f + 13*p + g = 9*p, p = 4*f - 119669. Is f a prime number?
True
Suppose -4575 - 11580 = -15*t. Suppose 3*u - 2180 = -3*a + 1006, -2*u - t = -a. Is a prime?
False
Let n(f) = -f**3 - 16*f**2 - 30*f - 25. Let m be n(-14). Suppose -5*y = -5*h + 28360, -y - 6848 = m*h - 23852. Is h a prime number?
True
Suppose -25 = 323*o - 328*o. Is 5 + (2 - o - -2255) a prime number?
False
Let t be (-1)/(3 - (-15)/(-6)) - 10889. Let n = t - -18893. Is n composite?
True
Suppose -4*a + 3 = -13. Suppose -9*c + 7*c + a = 0. Is (c - 16/12)*(-9783)/(-6) prime?
True
Let q = 124 + -116. Let j(g) = -8*g**3 + 13*g**2 - 8*g - 7. Let l be j(q). Let n = l - -5308. Is n prime?
True
Let n be (-39)/(-12) - 6 - (-2)/(-8). Let x be ((-3)/n - -1) + -3 - -7. Is (-2 - 0)*(-4197)/x composite?
False
Let l = -212 - -215. Suppose 5056 = 4*i - 4*m, -l*m + 1361 - 117 = i. Is i a composite number?
False
Let x(b) = -4 + 0 - 5 - 15*b + 0. Let l be x(-2). Let c(m) = -m**3 + 22*m**2 - 14*m - 2. Is c(l) prime?
False
Suppose -7*n - 39053 = -14*n. Suppose 12097 = 2*c - n. Let r = -4859 + c. Is r a prime number?
False
Let m = -819 - 11275. Let w = -6593 - m. Is w a prime number?
True
Let t = 41559 - -131210. Is t composite?
True
Suppose j + c - 209076 = -73700, 2*j + 4*c = 270738. Is j a prime number?
False
Suppose -2558615 = -241*q + 5097232. Is q prime?
False
Suppose b - 7*m = -9*m - 8572, -5*b + m - 42915 = 0. Let g = b + 25453. Is g a prime number?
True
Let q(m) = 2458*m**2 + 1. Let y be q(1). Let f = 4130 - y. Suppose -12*a + 9*a = -f. Is a a composite number?
False
Suppose 2*g = -3*u + 44398, -5*g = -7*g - 2*u + 44402. Is g a composite number?
True
Let s(r) = r**2 - 1. Let j(u) = 8176*u**2 - 2*u + 1. Let q(t) = j(t) + 4*s(t). Is q(-1) prime?
True
Suppose -3*r = -31*r + 10024. Suppose 357*y - r*y = -7177. Is y prime?
True
Let r = 22090 - 11883. Is r a composite number?
True
Suppose -20*w - 9443 + 77423 = 0. Let h = 850 + w. Is h prime?
False
Let z = -429170 - -1130001. Is z a prime number?
True
Let c = 1439805 - 820502. Is c composite?
False
Let v(i) be the second derivative of -i**5/10 - 11*i**4/12 + i**3 - 10*i**2 + 3*i + 16. Is v(-13) composite?
False
Let l = 82 - 36. Suppose 49*o - l*o - 447 = 0. Is o a prime number?
True
Let l = 38029 - 5944. Suppose -228901 + l = -16*i. Is i a prime number?
True
Let a be ((-22)/(-143))/((-3)/(-39)). Suppose -a*b = 2*c + 3*b - 2749, 0 = 5*c - b - 6832. Is c composite?
False
Let u = -97580 - -161502. Suppose 5*r + 5*y - 89810 = 0, 5*y = 4*r - 7953 - u. Is r composite?
True
Suppose -i - 9161 = -4*f, -3355 - 3530 = -3*f - 4*i. Is f prime?
False
Let f(k) = 333*k - 69. Suppose -5*m = -24*m + 266. Is f(m) a prime number?
False
Let m(z) be the second derivative of -3071*z**3/6 + 165*z**2/2 - 168*z. Is m(-4) composite?
True
Let r(c) = 802*c**3 - 10*c**2 + 51*c + 71. Is r(6) composite?
False
Is -9*(32/12)/8 + 60854 + 8 a composite number?
False
Suppose 29570 - 6586 = 13*y. Suppose -5*p + 4*v = -7469, 3*v + 4208 + y = 4*p. Suppose f - 700 - 71 = -4*t, 2*f - t = p. Is f composite?
False
Suppose 3*w + 11114 = 4*k - 1522, -3*k - 5*w + 9448 = 0. Let u = 82 + k. Is u a prime number?
False
Is (15 + 5954562/27)*3 composite?
False
Let s be (4 + -2)/((-2)/(-1)). Let y(k) = 1094*k - 2 + 18 - 23. Is y(s) prime?
True
Let u(r) = 4*r**3 + r**2 - 3*r + 1. Let j be u(1). Let s be (0 - -1 - -3)*j. Is 8088/s + 1*3 composite?
False
Let r(t) = -3*t**2 + 37*t - 33. Let l be r(11). Let p(d) = d**3 + 2*d**2 - 13*d + 29. Is p(l) prime?
True
Let x(d) = 713*d + 8. Let s be x(4). Suppose -y + 5*c = -s, -2*c + 3*c - 8516 = -3*y. Suppose -5*q - 2597 = -3*t, 5*t - 5*q - 1495 = y. Is t a composite number?
True
Suppose j = 6*k - 79419, 5*k - 5*j - 30095 = 36100. Suppose -54*s = -58*s + k. Is s prime?
False
Let d(s) = -13*s**3 - 7*s**2 - 6*s + 17. Is d(-13) a prime number?
False
Suppose m + 4*x - 188455 = 0, m = 6*m - 4*x - 942227. Is m composite?
True
Let x be 4/(-4)*19 - 3. Is x/(-110) + (-27924)/(-5) prime?
False
Suppose -3*m + 2*g = 8392, -11*g + 12*g = 5*m + 13989. Let y = 59 - m. Is y a prime number?
True
Let v = 17709 + -11748. Suppose 3*h + 2*y - 3583 = 0, -5*h - 25*y + 27*y = -v. Is h a prime number?
True
Let b be -743 - (-3)/3*-1. Let h(a) = 8*a**2 - 3*a - 97. Let z be h(-12). Let k = z + b. Is k a prime number?
True
Suppose 28*v + 67543 = -19*v + 54*v. Is v a composite number?
False
Let m = -107945 + 169002. Is m composite?
False
Let t = -91118 + 229159. Is t a composite number?
False
Let s = 48 + -28. Suppose -s*c + 513 = -19*c. Let p = c + -220. Is p a composite number?
False
Let w(q) = 9927*q**3 - 20*q**2 + 85*q - 7. Is w(3) composite?
True
Let b(j) = 4900*j + 878. Is b(5) composite?
True
Let a = -14907 - -37990. Is a prime?
False
Suppose 14*m - 34*m + 209909 = -13*m. Is m composite?
True
Let f(y) = y**3 + 6*y**2 + 1. Let a be f(-6). Let q(z) = z - 1. Let l(i) = i**2 + 6*i + 1356. Let b(t) = a*l(t) - 5*q(t). Is b(0) composite?
False
Let g = 570133 - 185990. Is g a prime number?
True
Suppose 5*g - 787056 = -12*k + 9*k, -11*k + 2885780 = 3*g. Is k a prime number?
False
Is (0 - (-419316 + 15))*2/6 a composite number?
True
Suppose 14384521 = 88*k - 4010361 + 5986706. Is k a composite number?
True
Let g(w) = -14*w**3 - w**2 + w + 4. Let n(f) = f**3 + 2*f**2 - 2*f - 2. Let s be n(-3). Let q be g(s). Suppose 0 = -10*c + 5494 - q. Is c prime?
False
Let g(y) = 727*y - 14. Suppose 4*v = -4*m + 92, 2*m - 7 = 2*v + 23. Is g(m) prime?
True
Suppose 5*f + 2*i = 941247, 415*f + 376497 = 417*f - i. Is f a composite number?
False
Let y = 29174 + -13468. Is y composite?
True
Suppose -3*m = -q - 40692, -20*q + 25*q = 4*m - 54267. Is m + -2*1 + (-41 - -38) prime?
False
Is 17/(170/(-100)) - (-4 - 86761) a prime number?
False
Let q = 2042548 - 876167. Is q a composite number?
True
Suppose -3040702 = -72*d - 14*d. Is d a prime number?
False
Suppose -2*k + 4*y = -36421 - 117097, -5*y = 4*k - 306971. Is k composite?
True
Let b = 1 - 1. Suppose -1470 = -20*s - 1370. Suppose 2*n = -s*j + 1458, -j + 2*j - 4 = b. Is n composite?
False
Suppose 85 = -4*t + 7005. Let s = t - 331. Is s prime?
True
Suppose r = -8*c + 6741, -3*r + 20281 = 7*c - 12*c. Is r a composite number?
True
Suppose -5*v = -h - 356530, -2*v - 31*h + 142625 = -34*h. Suppose -12*k = -87419 - v. Is k a prime number?
False
Let j(k) = -3*k + 14*k**3 + 14 - 21*k - 2*k**2 + 20*k. Is j(6) a composite number?
True
Let w(u) = 205*u**3 + u**2 + u - 1. Let b(j) = j**2 - 4*j + 2. Let n be b(4). Let y be w(n). Let a = y + -978. Is a prime?
False
Suppose -l - s - 2 = 0, 14*l - 12*l - 3 = 5*s. Is (32/24)/(l/(-3)) + 1315 a prime number?
True
Let z = -64858 + 119455. Is z composite?
True
Suppose -5*v - t = -44, -v + t = -5 + 1. Suppose -v*d = 14 + 18. Is 8166/d*6/(-9) prime?
True
Let k(s) = -35961*s - 5572. Is k(-10) a prime number?
False
Let x(q) = -13*q - 111. Let y be x(-9). Suppose 0 = y*a - 10499 + 1073. Is a prime?
True
Let k(f) = 256*f + 9. Let r = 171 - 169. Is k(r) a prime number?
True
Is (154592/400*-5)/((-6)/435) composite?
True
Let b be 38/(-6) + 5/(60/(-8)). Let p(d) = 21*d**2 + 7*d + 14. Let k be p(b). Suppose 0 = 2*g - k - 584. Is g composite?
True
Let s(o) = o**3 - 30*o**2 - 33*o + 12. Let r be s(35). Suppose -3*d = 2*h - 14861, d - 35*h + 30*h - r = 0. Is d a prime number?
True
Let w(l) = -l**2 + 124*l + 178. Is w(89) a prime number?
False
Let y(t) = t**3 - 13*t**2 + 21*t + 8. Let o be y(11). Is -3*((-2)/o)/((-4)/934) prime?
True
Suppose -3*p + 0*y + y + 13 = 0, y + 3 = p. Suppose -p*n = -7*n. Suppose -4*z + 5*z - 751 = n. Is z a prime number?
True
